9
Let m = -57 - -49. Let z be 1 - (m + 4 - (-12)/3). Suppose 4*h = 9 - z, -5*s + 2*h + 136 = 0. Calculate the greatest common factor of 308 and s.
28
Let q be (-2071)/(-95) - 4*2/10. Let f be 36/14 - q/(-49). Suppose 4*v = r - 52 - 99, -2*r + f*v = -282. Calculate the highest common divisor of 15 and r.
15
Let r(g) = 5*g**2 + 69*g - 19. Let p be r(-14). Let v(c) = 7*c + 42. Let x be v(p). Calculate the highest common divisor of x and 91.
7
Let j be (20/(-3))/((-4)/48). Let h(a) = -305*a - 4864. Let b be h(-16). What is the greatest common divisor of j and b?
16
Let u = -3360 - -3568. Calculate the highest common divisor of 40 and u.
8
Let y be (-636)/(-132) + (-2)/(-11). Suppose s + y = 57. Calculate the highest common factor of s and 13.
13
Suppose 5670*l - 528 = 5659*l. What is the greatest common divisor of l and 1544?
8
Suppose 5*g = 7*g - 40. Suppose -22 = -2*b - g. Calculate the highest common factor of 1 and b.
1
Let j = -7808 - -7818. Calculate the greatest common divisor of j and 4830.
10
Let d = 35 - 26. Let k be (534/21 - (-3)/(-7)) + 0. Suppose 22*n - k*n + 216 = 0. What is the highest common factor of n and d?
9
Let z(o) = -5*o - 309. Let u be z(-77). What is the greatest common factor of 1 and u?
1
Suppose -4*g = -104*y + 103*y + 329, -5*y + g + 1626 = 0. What is the greatest common factor of y and 598?
13
Let o(y) = 133*y**2 + 3*y + 5. Suppose -7*x - 2 - 12 = 0. Let v be o(x). What is the highest common divisor of 59 and v?
59
Let p be 22428/(-890)*5/(-3). What is the highest common factor of p and 22218?
42
Let v(x) = x**2 + 11*x + 73. Let n be v(-31). Calculate the highest common divisor of 363 and n.
33
Let x(c) = 8*c + 1. Let n be x(2). Suppose 0 = -3*m - 3*l + 18, l = 5*m - 0*l - 18. Let r be 374/77*14/m. Calculate the greatest common divisor of n and r.
17
Suppose -34189 + 716 = -17*w. What is the highest common factor of 11 and w?
11
Let n(g) = g**2 - 12*g + 18. Let k be n(11). Suppose -11*x + k*x + 16 = 0. Suppose -x*t = -0*t - 192. Calculate the highest common factor of t and 16.
16
Let c be ((7 - 297/45) + (-99)/(-90))*2. Let b(p) = p. Let y be b(3). Calculate the highest common factor of y and c.
3
Let u = 42375 - 42371. Suppose -2*c = -c + s - 123, 3*s = -3. What is the highest common divisor of u and c?
4
Let x = -1595 - -1609. Calculate the highest common factor of 406 and x.
14
Let m = -2696 + 3128. Calculate the highest common divisor of m and 240.
48
Let h = 32668 + -32583. Let m(a) = -a**2 + 0*a**2 - 2*a + 4*a + 1 + 0 + 2*a**3. Let o be m(2). What is the highest common divisor of h and o?
17
Suppose -5*a + 43 = 5*r - 4*r, -20 = -4*a. Let f(m) = 6*m - 44. Let d be f(r). Let g be (6/4)/(12*3/192). Calculate the highest common factor of g and d.
8
Suppose 33*a - 1287 = 1589 - 500. Calculate the greatest common factor of 1278 and a.
18
Let h(c) = -c - 1. Let q be h(-3). Let z be 0/(q + 0) - 64. Let j = 106 + z. Calculate the highest common factor of j and 14.
14
Let k be 300/(-20)*1/(-5). Suppose 3*x + 3*g = 48, -15 = -4*x - k*g + 48. Calculate the highest common factor of 12 and x.
3
Let l(v) = v**3 + 23*v**2 + 14*v - 25. Let q be l(-22). Let z = q + -142. Calculate the highest common divisor of z and 117.
9
Let t be (-3)/(-6) - (-37)/2. Suppose 0 = g - 0*g - 5*h - 17, -5*h - t = -2*g. Let m be (-30)/(-4) + ((-60)/8)/5. What is the greatest common factor of g and m?
2
Let y(s) = -s**3 + 9*s**2 - s + 13. Let b(f) = 11*f - 2. Let z be b(3). Let w = -22 + z. Let o be y(w). What is the greatest common divisor of 4 and o?
4
Suppose -28*i - 34*i = 115*i - 1416. Calculate the greatest common divisor of i and 3836.
4
Suppose 0 = 4*w + 4, -1665 + 404 = -5*y + w. Let l(u) = -u**2 + 3*u + 36. Let v be l(0). What is the highest common factor of v and y?
36
Suppose 66*f = 55*f + 99. Suppose -1254 = -2*p + 10*r - f*r, -625 = -p + r. Calculate the greatest common divisor of 17 and p.
17
Suppose 3*h + h = 5*o + 283, -h = 3*o - 75. Suppose -4*w - i + 49 = 0, 76*w - 59 = h*w - 3*i. Calculate the highest common factor of 198 and w.
11
Let v(z) = -3*z - 4. Let t be v(-3). Suppose -c - t*b = 9, b - 19 = 2*c + 21. Let j = c + 25. Calculate the highest common factor of j and 72.
6
Suppose 0 = -3*c + 18*a - 13*a + 4850, 3*a = 3*c - 4842. Calculate the highest common factor of 10 and c.
10
Let t be (234/(-90))/(3/(-1455)). Calculate the highest common divisor of t and 39.
13
Suppose -112*o + 18844 = -59556. What is the highest common divisor of 275 and o?
25
Suppose -5*v + 225 + 2395 = 0. Suppose 2*f + 5*j = v, 5*f + 4*j = f + 1072. Calculate the greatest common divisor of 16 and f.
16
Let n(b) = 33*b**2 + 79*b - 783. Let q be n(9). What is the highest common factor of 17 and q?
17
Suppose -12*r = 2*x - 7*r - 7197, 0 = -2*x - 6*r + 7190. What is the greatest common factor of x and 339?
113
Suppose -5*a = -4*w - 1017, -249 = -a + 2*w - 48. Suppose -5*d + a = 5*m, 7*d - 3*d = -3*m + 119. Calculate the highest common factor of 495 and m.
45
Suppose -y - 153 = -5*y - i, -118 = -3*y - 4*i. Suppose -3*k - y*l = -35*l - 93, 5*k = -l + 139. Calculate the highest common divisor of 15 and k.
3
Suppose -108*y + 66*y + 87780 = 0. Calculate the highest common divisor of y and 1520.
190
Suppose 3*u = 3*m - 8061, -4*m - 5*u - 10743 = -8*m. What is the greatest common factor of 4 and m?
4
Suppose 0 = -z + 4*l + 47 + 5, 0 = -4*z - 2*l + 136. Let a be (-5535)/((-15)/3) - 9. What is the greatest common divisor of a and z?
18
Suppose 165 = 4*g - 131. Suppose 2*j = b - g, 4*b - 175 = 2*b - 5*j. Let h(k) = 9*k - 17. Let i be h(3). What is the greatest common factor of i and b?
10
Let k(p) = 2*p**3 - 28*p**2 - 20*p - 40. Let v be k(15). What is the highest common factor of 1034 and v?
22
Suppose 270*v + 216*v = 102*v + 397056. What is the greatest common factor of v and 814?
22
Suppose l - 472 = k + 1268, -k = 3*l - 5244. What is the highest common factor of l and 486?
18
Suppose 717*n + 88 = 719*n. Suppose -8*h - n = -11*h - w, 52 = 4*h - 2*w. Calculate the highest common divisor of 26 and h.
2
Let u = 16 - 13. Suppose -t - 16 = u*t. Let m(y) = -y**3 - 3*y**2 - 6*y + 9. Let b be m(t). Calculate the greatest common divisor of b and 539.
49
Let s(o) be the first derivative of -o**2 + 34*o + 2078. Let j be (-2)/3 + (-44)/(-3). Let d be s(j). Calculate the greatest common divisor of d and 15.
3
Suppose -2*j + 5*b = 74 - 325, 3*j = -5*b + 389. Calculate the greatest common factor of 80 and j.
16
Let j be (-32)/14*((-84)/(-8))/(-3). Suppose -q + 3 = 0, 2*q + j = 5*t + 4. Calculate the highest common divisor of 8 and t.
2
Suppose -153 + 166 = 6*m - 64 - 259. Suppose 2*j = -j - 3, -34 = 5*h + 4*j. Let i(k) = -k + 2. Let o be i(h). What is the highest common factor of m and o?
8
Let l(z) be the second derivative of z**5/20 + z**4/12 + 7*z**3/6 - z**2/2 - 4*z - 11. Let u be l(3). What is the highest common divisor of 728 and u?
56
Let i = -47 - -102. Suppose -s + 0*s + i = 0. Let t be (16/(-56) + 62/(-28))/((425/(-17))/50). What is the greatest common divisor of s and t?
5
Let g = 62 + 4. Let j(q) = 989*q + 8000. Let o be j(-8). Calculate the greatest common factor of o and g.
22
Suppose 208 = 4*r - 2*c, -4*c + 218 + 68 = 5*r. Let w = 3 + -8. Let m be ((-6)/w)/((-6)/(-135)). What is the greatest common divisor of r and m?
27
Let m(j) = -j**3 - 9*j**2 - 28*j + 4. Suppose 2*g - 4*g + 8 = -2*x, -3*g = -2*x - 4. Let p be m(x). Calculate the greatest common divisor of 246 and p.
82
Suppose -11671*d = -11654*d - 121686. What is the highest common divisor of 18 and d?
6
Let d = -9 - -16. Suppose -5*n + f - 3*f + 7 = 0, 3*n - d = -4*f. Let k(l) = 59*l - 3. Let i be k(n). What is the highest common divisor of i and 7?
7
Suppose -19*r - 8*r + 34770 = -5865. What is the greatest common divisor of 129 and r?
43
Suppose 2219737 - 47557 = 82*g. What is the highest common factor of 60 and g?
30
Let i(o) = -3*o - 4. Let g be i(-1). Let m be ((-2)/g)/((-20)/(-550)). Calculate the highest common factor of m and 605.
55
Let w(l) = -1803*l - 1 - 40 + 2075*l - 8. Let g be w(2). What is the greatest common factor of g and 55?
55
Let c be (42/12)/(7/(-574))*(-48)/28. Calculate the greatest common factor of c and 3280.
164
Let l be (-1)/(-4) + (-7462)/56. Let c be (-342)/l*378/2. Calculat